{"id":903,"date":"2021-01-28T12:06:37","date_gmt":"2021-01-28T11:06:37","guid":{"rendered":"http:\/\/www.lesamisdelalecture.fr\/nouveausite\/?page_id=903"},"modified":"2021-03-13T18:24:53","modified_gmt":"2021-03-13T17:24:53","slug":"catalogue-en-ligne","status":"publish","type":"page","link":"http:\/\/www.lesamisdelalecture.fr\/nouveausite\/catalogue-en-ligne\/","title":{"rendered":"Catalogue en ligne"},"content":{"rendered":"<p><a href=\"http:\/\/catalogue.lesamisdelalecture.fr\" target=\"_blank\" rel=\"noopener\"><img loading=\"lazy\" decoding=\"async\" src=\"http:\/\/www.lesamisdelalecture.fr\/nouveausite\/wp-content\/uploads\/2021\/01\/bandeau940x250-catalogue-bibliothequeSaillans.jpg\" alt=\"\" class=\"alignnone size-full wp-image-904\" width=\"940\" height=\"250\" srcset=\"http:\/\/www.lesamisdelalecture.fr\/nouveausite\/wp-content\/uploads\/2021\/01\/bandeau940x250-catalogue-bibliothequeSaillans.jpg 940w, http:\/\/www.lesamisdelalecture.fr\/nouveausite\/wp-content\/uploads\/2021\/01\/bandeau940x250-catalogue-bibliothequeSaillans-300x80.jpg 300w, http:\/\/www.lesamisdelalecture.fr\/nouveausite\/wp-content\/uploads\/2021\/01\/bandeau940x250-catalogue-bibliothequeSaillans-768x204.jpg 768w\" sizes=\"auto, (max-width: 940px) 100vw, 940px\" \/><\/a><\/p>\n<div class=\"su-spoiler su-spoiler-style-default su-spoiler-icon-plus su-spoiler-closed\" data-scroll-offset=\"0\" data-anchor-in-url=\"no\"><div class=\"su-spoiler-title\" tabindex=\"0\" role=\"button\"><span class=\"su-spoiler-icon\"><\/span>Conditions d'utilisation (double-cliquer pour lire le contenu)<\/div><div class=\"su-spoiler-content su-u-clearfix su-u-trim\">\n<h3>Mode d&#8217;emploi<\/h3>\n<p>Dans la zone du catalogue ci-dessous, vous pourrez :<br \/>\n\u2022 rechercher un document par titre, auteur, genre, support\u2026<br \/>\n\u2022 prendre connaissance des nouveaut\u00e9s (= nouveaux livres \u00e0 la biblioth\u00e8que : achat, livres pr\u00eat\u00e9s par la m\u00e9diath\u00e8que&#8230;),<br \/>\n\u2022 consulter votre compte, g\u00e9rer vos r\u00e9servations&#8230;<\/p>\n<p>Cliquez sur un des onglets du haut : \u00ab\u00a0Recherche avanc\u00e9e\u00a0\u00bb, \u00ab\u00a0Recherche par genre \/ support\u00a0\u00bb, \u00ab\u00a0Nouveaut\u00e9s\u00a0\u00bb, \u00ab\u00a0Mon compte\u00a0\u00bb<\/p>\n<p>La r\u00e9servation s&rsquo;effectue par livre. Si un livre est d\u00e9j\u00e0 emprunt\u00e9, il est indiqu\u00e9 la date de disponibilit\u00e9.<br \/>\nVous recevrez ensuite un mail de confirmation de votre r\u00e9servation.<br \/>\nVotre r\u00e9servation sera ensuite trait\u00e9e \u00e0 la biblioth\u00e8que et vous recevrez un mail vous confirmant que vous pouvez passer \u00e0 la biblioth\u00e8que.<\/p>\n<p>Attention :<br \/>\n<a href=\"http:\/\/www.lesamisdelalecture.fr\/nouveausite\/wp-content\/uploads\/2021\/01\/CapturePictoMenuDeroulant.gif\"><img loading=\"lazy\" decoding=\"async\" src=\"http:\/\/www.lesamisdelalecture.fr\/nouveausite\/wp-content\/uploads\/2021\/01\/CapturePictoMenuDeroulant.gif\" alt=\"\" class=\"alignnone size-full wp-image-1053\" width=\"300\" height=\"118\" \/><\/a><\/p>\n<\/div><\/div>\n<p>A savoir : si vous \u00eates d\u00e9clar\u00e9 \u00ab\u00a0chef de famille\u00a0\u00bb, vous pourrez r\u00e9server en ligne pour tous les autres membres de la famille. Indiquez-le lors de votre prochaine venue \u00e0 la biblioth\u00e8que pour effectuer la mise \u00e0 jour de votre fiche Lecteur.<\/p>\n<h5><a href=\"http:\/\/catalogue.lesamisdelalecture.fr\" rel=\"noopener\" target=\"_blank\"><u>Cliquez ici pour acc\u00e9der au catalogue en ligne dans une fen\u00eatre unique<\/u><\/a><\/h5>\n<p>Entrer votre identifiant et votre mot de passe pour effectuer des r\u00e9servations.<\/p>\n<p><iframe loading=\"lazy\" width=\"100%\" height=\"1500px\" src=\"http:\/\/catalogue.lesamisdelalecture.fr\" frameborder=\"0\" allow=\"autoplay; encrypted-media\" allowfullscreen=\"allowfullscreen\"><\/iframe><\/p>\n","protected":false},"excerpt":{"rendered":"<p>A savoir : si vous \u00eates d\u00e9clar\u00e9 \u00ab\u00a0chef de famille\u00a0\u00bb, vous pourrez r\u00e9server en ligne pour tous les autres membres de la famille. Indiquez-le lors de votre prochaine venue \u00e0 la biblioth\u00e8que pour effectuer la mise \u00e0 jour de votre fiche Lecteur. Cliquez ici pour acc\u00e9der au catalogue en ligne [&hellip;]<\/p>\n","protected":false},"author":1,"featured_media":0,"parent":0,"menu_order":0,"comment_status":"closed","ping_status":"closed","template":"page-templates\/template-fullwidth.php","meta":{"footnotes":""},"class_list":["post-903","page","type-page","status-publish","hentry"],"_links":{"self":[{"href":"http:\/\/www.lesamisdelalecture.fr\/nouveausite\/wp-json\/wp\/v2\/pages\/903","targetHints":{"allow":["GET"]}}],"collection":[{"href":"http:\/\/www.lesamisdelalecture.fr\/nouveausite\/wp-json\/wp\/v2\/pages"}],"about":[{"href":"http:\/\/www.lesamisdelalecture.fr\/nouveausite\/wp-json\/wp\/v2\/types\/page"}],"author":[{"embeddable":true,"href":"http:\/\/www.lesamisdelalecture.fr\/nouveausite\/wp-json\/wp\/v2\/users\/1"}],"replies":[{"embeddable":true,"href":"http:\/\/www.lesamisdelalecture.fr\/nouveausite\/wp-json\/wp\/v2\/comments?post=903"}],"version-history":[{"count":0,"href":"http:\/\/www.lesamisdelalecture.fr\/nouveausite\/wp-json\/wp\/v2\/pages\/903\/revisions"}],"wp:attachment":[{"href":"http:\/\/www.lesamisdelalecture.fr\/nouveausite\/wp-json\/wp\/v2\/media?parent=903"}],"curies":[{"name":"wp","href":"https:\/\/api.w.org\/{rel}","templated":true}]}}