{"id":4075,"date":"2021-03-02T08:53:42","date_gmt":"2021-03-02T07:53:42","guid":{"rendered":"http:\/\/www.lesamisdelalecture.fr\/nouveausite\/?page_id=4075"},"modified":"2023-03-21T08:22:22","modified_gmt":"2023-03-21T07:22:22","slug":"vie-de-lassociation","status":"publish","type":"page","link":"http:\/\/www.lesamisdelalecture.fr\/nouveausite\/vie-de-lassociation\/","title":{"rendered":"Vie de l&rsquo;association"},"content":{"rendered":"<p><strong>ASSEMBLEE GENERALE 24 FEVRIER 2023<br \/>\nLES AMIS DE LA LECTURE SAILLANS<\/strong><\/p>\n<p class=\"moz-quote-pre\">L\u2019assembl\u00e9e g\u00e9n\u00e9rale de l\u2019association Les Amis de la Lecture s\u2019est tenue \u00e0 la salle Saint-G\u00e9raud \u00e0 Saillans vendredi 24 f\u00e9vrier \u00e0 17h. 23 personnes \u00e9taient pr\u00e9sentes et 13 pouvoirs ont \u00e9t\u00e9 enregistr\u00e9s qui repr\u00e9sentaient les adh\u00e9rents absents. La pr\u00e9sidente Marianne van Tuijl-Rajot a remerci\u00e9 toute l\u2019\u00e9quipe de b\u00e9n\u00e9voles pour leur implication et travail tout au long de cette ann\u00e9e post covid 2022. L&rsquo;ann\u00e9e a \u00e9t\u00e9 marqu\u00e9e par la f\u00eate des 75 ans de l&rsquo;assocation \u00ab\u00a0Les Amis de la Lecture\u00a0\u00bb. Suite au rapport moral de l\u2019ann\u00e9e 2022. Une pr\u00e9sentation est faite de la nouvelle formule de fonctionnement de la biblioth\u00e8que, \u00e0 savoir la gestion en 4 p\u00f4les : \u2022 administration et finances \u2022 pr\u00eats \u2022 adultes \u2022 enfants Avec l\u2019invitation \u00e0 l\u2019AG un sondage a \u00e9t\u00e9 lanc\u00e9 pour l\u2019extension du nombre d\u2019heures de permanences, d\u2019une part l\u2019allongement de la permanence du mercredi de 12h \u00e0 12h30 et d\u2019autre part la cr\u00e9ation d\u2019une autre permanence, soit le mardi soit le jeudi de 16h30 \u00e0 18h30. Il en ressort qu\u2019il y a 21 r\u00e9ponses pour le jeudi et 17 pour le mardi. De plus, des personnes nouvelles se sont d\u00e9clar\u00e9es pr\u00eates pour assurer des permanences. Le Conseil d\u2019Administration va passer \u00e0 11 membres apr\u00e8s \u00e9lection de 4 nouveaux membres. Est abord\u00e9e \u00e9galement la question d\u2019un salari\u00e9 \u00e0 temps partiel, car la bonne marche de la biblioth\u00e8que demande un gros investissement personnel. A voir.<\/p>\n<a href=\"\/nouveausite\/images\/2023\/pdf\/Rapport-moral-et-activites-2022.pdf\" class=\"su-button su-button-style-default\" style=\"color:#FFFFFF;background-color:#2D89EF;border-color:#246ec0;border-radius:5px\" target=\"_self\"><span style=\"color:#FFFFFF;padding:0px 16px;font-size:13px;line-height:26px;border-color:#6cadf4;border-radius:5px;text-shadow:none\"> T\u00e9l\u00e9chargez le rapport moral et d&rsquo;activit\u00e9 2022<\/span><\/a>\n<p><strong>Conseil d\u2019Administration du 24 f\u00e9vrier 2023<br \/>\n<\/strong><\/p>\n<p><strong>Pr\u00e9sidente \u00a0:<\/strong> Marianne van Tuijl-Rajot<\/p>\n<p><strong>Vice-Pr\u00e9sidente\u00a0:<\/strong> Josiane Aussel<\/p>\n<p><strong>Tr\u00e9sorier\u00a0:<\/strong> Jean-Fran\u00e7ois Peccoud<\/p>\n<p><strong>Tr\u00e9sori\u00e8re adjointe\u00a0:<\/strong> Martine Lamande<\/p>\n<p><strong>Administratrices\u00a0:<\/strong> Annie Morin, Chantal Petiot, Christine Seux, Florence Brias, Fran\u00e7ois Limousin, Jo\u00eblle des Aubry, Michelle Dulaurier<\/p>\n","protected":false},"excerpt":{"rendered":"<p>ASSEMBLEE GENERALE 24 FEVRIER 2023 LES AMIS DE LA LECTURE SAILLANS L\u2019assembl\u00e9e g\u00e9n\u00e9rale de l\u2019association Les Amis de la Lecture s\u2019est tenue \u00e0 la salle Saint-G\u00e9raud \u00e0 Saillans vendredi 24 f\u00e9vrier \u00e0 17h. 23 personnes \u00e9taient pr\u00e9sentes et 13 pouvoirs ont \u00e9t\u00e9 enregistr\u00e9s qui repr\u00e9sentaient les adh\u00e9rents absents. La pr\u00e9sidente [&hellip;]<\/p>\n","protected":false},"author":1,"featured_media":0,"parent":0,"menu_order":0,"comment_status":"closed","ping_status":"closed","template":"","meta":{"footnotes":""},"class_list":["post-4075","page","type-page","status-publish","hentry"],"_links":{"self":[{"href":"http:\/\/www.lesamisdelalecture.fr\/nouveausite\/wp-json\/wp\/v2\/pages\/4075","targetHints":{"allow":["GET"]}}],"collection":[{"href":"http:\/\/www.lesamisdelalecture.fr\/nouveausite\/wp-json\/wp\/v2\/pages"}],"about":[{"href":"http:\/\/www.lesamisdelalecture.fr\/nouveausite\/wp-json\/wp\/v2\/types\/page"}],"author":[{"embeddable":true,"href":"http:\/\/www.lesamisdelalecture.fr\/nouveausite\/wp-json\/wp\/v2\/users\/1"}],"replies":[{"embeddable":true,"href":"http:\/\/www.lesamisdelalecture.fr\/nouveausite\/wp-json\/wp\/v2\/comments?post=4075"}],"version-history":[{"count":0,"href":"http:\/\/www.lesamisdelalecture.fr\/nouveausite\/wp-json\/wp\/v2\/pages\/4075\/revisions"}],"wp:attachment":[{"href":"http:\/\/www.lesamisdelalecture.fr\/nouveausite\/wp-json\/wp\/v2\/media?parent=4075"}],"curies":[{"name":"wp","href":"https:\/\/api.w.org\/{rel}","templated":true}]}}

<p><strong>ASSEMBLEE GENERALE 24 FEVRIER 2023<br />
LES AMIS DE LA LECTURE SAILLANS</strong></p>
<p class="moz-quote-pre">L’assemblée générale de l’association Les Amis de la Lecture s’est tenue à la salle Saint-Géraud à Saillans vendredi 24 février à 17h. 23 personnes étaient présentes et 13 pouvoirs ont été enregistrés qui représentaient les adhérents absents. La présidente Marianne van Tuijl-Rajot a remercié toute l’équipe de bénévoles pour leur implication et travail tout au long de cette année post covid 2022. L&rsquo;année a été marquée par la fête des 75 ans de l&rsquo;assocation « Les Amis de la Lecture ». Suite au rapport moral de l’année 2022. Une présentation est faite de la nouvelle formule de fonctionnement de la bibliothèque, à savoir la gestion en 4 pôles : • administration et finances • prêts • adultes • enfants Avec l’invitation à l’AG un sondage a été lancé pour l’extension du nombre d’heures de permanences, d’une part l’allongement de la permanence du mercredi de 12h à 12h30 et d’autre part la création d’une autre permanence, soit le mardi soit le jeudi de 16h30 à 18h30. Il en ressort qu’il y a 21 réponses pour le jeudi et 17 pour le mardi. De plus, des personnes nouvelles se sont déclarées prêtes pour assurer des permanences. Le Conseil d’Administration va passer à 11 membres après élection de 4 nouveaux membres. Est abordée également la question d’un salarié à temps partiel, car la bonne marche de la bibliothèque demande un gros investissement personnel. A voir.</p>
<a href="/nouveausite/images/2023/pdf/Rapport-moral-et-activites-2022.pdf" class="su-button su-button-style-default" style="color:#FFFFFF;background-color:#2D89EF;border-color:#246ec0;border-radius:5px" target="_self"><span style="color:#FFFFFF;padding:0px 16px;font-size:13px;line-height:26px;border-color:#6cadf4;border-radius:5px;text-shadow:none"> Téléchargez le rapport moral et d&rsquo;activité 2022</span></a>
<p><strong>Conseil d’Administration du 24 février 2023<br />
</strong></p>
<p><strong>Présidente  :</strong> Marianne van Tuijl-Rajot</p>
<p><strong>Vice-Présidente :</strong> Josiane Aussel</p>
<p><strong>Trésorier :</strong> Jean-François Peccoud</p>
<p><strong>Trésorière adjointe :</strong> Martine Lamande</p>
<p><strong>Administratrices :</strong> Annie Morin, Chantal Petiot, Christine Seux, Florence Brias, François Limousin, Joëlle des Aubry, Michelle Dulaurier</p>

<p>ASSEMBLEE GENERALE 24 FEVRIER 2023 LES AMIS DE LA LECTURE SAILLANS L’assemblée générale de l’association Les Amis de la Lecture s’est tenue à la salle Saint-Géraud à Saillans vendredi 24 février à 17h. 23 personnes étaient présentes et 13 pouvoirs ont été enregistrés qui représentaient les adhérents absents. La présidente [&hellip;]</p>
